{"version":"1.0","provider_name":"Spanish","provider_url":"https:\/\/www.carrillofirm.com\/es","author_name":"Michael S. Carrillo, Esq.","author_url":"https:\/\/www.carrillofirm.com\/es\/author\/mcarrillo\/","title":"La Preocupaci\u00f3n Crece por #DondeEstanLosNi\u00f1os - Spanish","type":"rich","width":600,"height":338,"html":"<blockquote class=\"wp-embedded-content\" data-secret=\"0hBPg0EwTJ\"><a href=\"https:\/\/www.carrillofirm.com\/es\/la-preocupacion-crece-por-dondeestanlosninos\/\">La Preocupaci\u00f3n Crece por #DondeEstanLosNi\u00f1os<\/a><\/blockquote><iframe sandbox=\"allow-scripts\" security=\"restricted\" src=\"https:\/\/www.carrillofirm.com\/es\/la-preocupacion-crece-por-dondeestanlosninos\/embed\/#?secret=0hBPg0EwTJ\" width=\"600\" height=\"338\" title=\"&#8220;La Preocupaci\u00f3n Crece por #DondeEstanLosNi\u00f1os&#8221; &#8212; Spanish\" data-secret=\"0hBPg0EwTJ\" frameborder=\"0\" marginwidth=\"0\" marginheight=\"0\" scrolling=\"no\" class=\"wp-embedded-content\"><\/iframe><script>\n\/*! This file is auto-generated *\/\n!function(d,l){\"use strict\";l.querySelector&&d.addEventListener&&\"undefined\"!=typeof URL&&(d.wp=d.wp||{},d.wp.receiveEmbedMessage||(d.wp.receiveEmbedMessage=function(e){var t=e.data;if((t||t.secret||t.message||t.value)&&!\/[^a-zA-Z0-9]\/.test(t.secret)){for(var s,r,n,a=l.querySelectorAll('iframe[data-secret=\"'+t.secret+'\"]'),o=l.querySelectorAll('blockquote[data-secret=\"'+t.secret+'\"]'),c=new RegExp(\"^https?:$\",\"i\"),i=0;i<o.length;i++)o[i].style.display=\"none\";for(i=0;i<a.length;i++)s=a[i],e.source===s.contentWindow&&(s.removeAttribute(\"style\"),\"height\"===t.message?(1e3<(r=parseInt(t.value,10))?r=1e3:~~r<200&&(r=200),s.height=r):\"link\"===t.message&&(r=new URL(s.getAttribute(\"src\")),n=new URL(t.value),c.test(n.protocol))&&n.host===r.host&&l.activeElement===s&&(d.top.location.href=t.value))}},d.addEventListener(\"message\",d.wp.receiveEmbedMessage,!1),l.addEventListener(\"DOMContentLoaded\",function(){for(var e,t,s=l.querySelectorAll(\"iframe.wp-embedded-content\"),r=0;r<s.length;r++)(t=(e=s[r]).getAttribute(\"data-secret\"))||(t=Math.random().toString(36).substring(2,12),e.src+=\"#?secret=\"+t,e.setAttribute(\"data-secret\",t)),e.contentWindow.postMessage({message:\"ready\",secret:t},\"*\")},!1)))}(window,document);\n\/\/# sourceURL=https:\/\/www.carrillofirm.com\/es\/wp-includes\/js\/wp-embed.min.js\n<\/script>\n","description":"Escrito por parte de Luis Carrillo 11 de julio 2018 En los \u00faltimos dos meses, se ha desatado un debate sobre la pol\u00edtica de la administraci\u00f3n Trump hacia los ni\u00f1os migrantes. La pol\u00edtica ha sido criticada por muchos grupos de defensa porque separar a los ni\u00f1os de sus padres es cruel e inhumano. Las noticias [&hellip;]"}

La Preocupación Crece por #DondeEstanLosNiños - Spanish

<blockquote class="wp-embedded-content" data-secret="0hBPg0EwTJ"><a href="https://www.carrillofirm.com/es/la-preocupacion-crece-por-dondeestanlosninos/">La Preocupación Crece por #DondeEstanLosNiños</a></blockquote><iframe sandbox="allow-scripts" security="restricted" src="https://www.carrillofirm.com/es/la-preocupacion-crece-por-dondeestanlosninos/embed/#?secret=0hBPg0EwTJ" width="600" height="338" title="&#8220;La Preocupación Crece por #DondeEstanLosNiños&#8221; &#8212; Spanish" data-secret="0hBPg0EwTJ" frameborder="0" marginwidth="0" marginheight="0" scrolling="no" class="wp-embedded-content"></iframe><script>
/*! This file is auto-generated */
!function(d,l){"use strict";l.querySelector&&d.addEventListener&&"undefined"!=typeof URL&&(d.wp=d.wp||{},d.wp.receiveEmbedMessage||(d.wp.receiveEmbedMessage=function(e){var t=e.data;if((t||t.secret||t.message||t.value)&&!/[^a-zA-Z0-9]/.test(t.secret)){for(var s,r,n,a=l.querySelectorAll('iframe[data-secret="'+t.secret+'"]'),o=l.querySelectorAll('blockquote[data-secret="'+t.secret+'"]'),c=new RegExp("^https?:$","i"),i=0;i<o.length;i++)o[i].style.display="none";for(i=0;i<a.length;i++)s=a[i],e.source===s.contentWindow&&(s.removeAttribute("style"),"height"===t.message?(1e3<(r=parseInt(t.value,10))?r=1e3:~~r<200&&(r=200),s.height=r):"link"===t.message&&(r=new URL(s.getAttribute("src")),n=new URL(t.value),c.test(n.protocol))&&n.host===r.host&&l.activeElement===s&&(d.top.location.href=t.value))}},d.addEventListener("message",d.wp.receiveEmbedMessage,!1),l.addEventListener("DOMContentLoaded",function(){for(var e,t,s=l.querySelectorAll("iframe.wp-embedded-content"),r=0;r<s.length;r++)(t=(e=s[r]).getAttribute("data-secret"))||(t=Math.random().toString(36).substring(2,12),e.src+="#?secret="+t,e.setAttribute("data-secret",t)),e.contentWindow.postMessage({message:"ready",secret:t},"*")},!1)))}(window,document);
//# sourceURL=https://www.carrillofirm.com/es/wp-includes/js/wp-embed.min.js
</script>

Escrito por parte de Luis Carrillo 11 de julio 2018 En los últimos dos meses, se ha desatado un debate sobre la política de la administración Trump hacia los niños migrantes. La política ha sido criticada por muchos grupos de defensa porque separar a los niños de sus padres es cruel e inhumano. Las noticias [&hellip;]
